+ 4. Let l = -230 - -234. Suppose 2*c = -8, 2*a + 2*a - l*c = 100. What is the remainder when t(4) is divided by a?
20
What is the remainder when (270/(-20))/(-1*(-9)/(-516)) is divided by 8?
6
Suppose s = 2*s - 18. Suppose 0 = 533*i - 548*i + 476 + 484. What is the remainder when i is divided by s?
10
Suppose -2*o - 2*o = -4*c + 36, 5*c = -3*o + 29. Let g = -205 + 212. Suppose -g*q + 51 = -4*q. Calculate the remainder when q is divided by c.
3
What is the remainder when 72 is divided by (-18)/27*1*(1 + -61)?
32
Let v(o) = o**3 + 37*o**2 - 73*o + 187. Calculate the remainder when v(-37) is divided by 17.
15
Let n(j) = -2*j + 7. Suppose 13*m = -5*m - 216. Let s(b) = 2*b**2 + 21*b + 12. What is the remainder when s(m) is divided by n(-5)?
14
Let z be 2/(5 - 9)*-72. Let a = z + -37. What is the remainder when 90 - (a + 9/(-3) + 3) is divided by 32?
27
Let o = 1010 + -1035. Let i be (-4)/16 - (-165)/4. Let q = o + i. Calculate the remainder when 60 is divided by q.
12
Suppose -5*w - 5*d + 1122 = -423, -4*w + 5*d + 1254 = 0. Calculate the remainder when 1262 is divided by w.
18
Suppose 4*n = -3*z + 21, -2 = -4*n + 3*z + 1. Suppose 3*y - 4*t = 431, n*y + 40*t - 386 = 35*t. What is the remainder when y is divided by 15?
2
Let f(a) = 5*a - 63. Let j be f(13). Suppose j*i = 2*c - 38, 3*i - 69 = -2*c - c. What is the remainder when 54 is divided by c?
12
Let u = -6957 + 7070. What is the remainder when 549 is divided by u?
97
Let z be ((-18)/12)/(12/1360). Let r = z - -188. What is the remainder when (-1)/(-2*2/212) is divided by r?
17
Let q be 20/70 - 3440/(-14). Suppose 2*n + 0*n - 5*a - 170 = 0, 0 = n + 7*a - 123. Calculate the remainder when n is divided by q/21 - (-2)/7.
11
Suppose 5*c - 4*f - 765 = 0, -f - 749 = -5*c + 1. Calculate the remainder when 149 is divided by c.
0
Suppose -v - 19 = 27. Let m = 49 + v. Suppose -4*g + 121 = m*b, 11 = -3*g - 4*b + 93. Calculate the remainder when g is divided by 19.
15
Let a(t) = -t + 6. Let b be a(6). Suppose b = -3*m + 27 + 72. Let s(z) = -6*z**2 - 63*z + 537. Calculate the remainder when m is divided by s(-16).
6
Suppose 3*h + 19 - 64 = 0. Suppose 125 = 5*v - h. What is the remainder when 78 is divided by v?
22
Let s = 3 + 17. Let a(m) = -27*m + 5. Let x be a(-4). Suppose x*k - 109*k = 192. What is the remainder when k is divided by s?
8
Let b(s) = -7222*s - 1. Let j be b(-1). Suppose 0 = -18*u - 11*u + j. Calculate the remainder when u is divided by 17.
11
Suppose -15*q = -3*p - 20*q + 133, 2*q + 2 = 0. What is the remainder when 618 is divided by p?
20
Suppose k - 15*m - 79 = -8*m, 0 = -5*k - m + 323. Suppose -4*z + 0*z = -132. What is the remainder when k is divided by z?
32
Let k = 2638 + -2547. What is the remainder when k is divided by 58?
33
Let d be (-8)/(-3 + -4 + 3). Suppose u + 3*u = d*v + 702, -705 = -4*u - v. What is the remainder when u is divided by 10?
6
Suppose -22 = -27*a + 16*a. Let v(s) = -76*s + 1. Calculate the remainder when v(-1) is divided by (7/a)/((-11)/(-66)).
14
What is the remainder when 451 is divided by (-43 + 42)/((-2)/76)?
33
What is the remainder when 393 is divided by ((-111)/(-9))/((2/4)/(18/12))?
23
Suppose 5*j - 297*h = -299*h + 2228, -2*j + 4*h = -896. Calculate the remainder when j is divided by 156.
134
Let m = 8102 + -7939. What is the remainder when 461 is divided by m?
135
Suppose -1157 = -2*f - 1023. Suppose -2*w = -5*n + f, 5*n - 3*w - 29 = 3*n. Calculate the remainder when 363 is divided by n.
12
Let d(k) = -29*k + 271. What is the remainder when d(-22) is divided by 35?
34
Let z be ((-9)/(-6) + -3)/(45/(-150)). What is the remainder when 142 is divided by (25/z)/5 - -43?
10
Let g = -2710 + 2893. What is the remainder when g is divided by 4?
3
Let d = -2165 + 2309. Calculate the remainder when d is divided by -3 - (0 + -41) - 1.
33
Suppose 0 = -5*t - 5*r + 9 + 176, -t + 5*r = -43. What is the remainder when (-7)/((-1)/(33 + -1)) is divided by t?
34
Let w(c) = 106*c - 1963. What is the remainder when 647 is divided by w(19)?
35
Let p = -5011 - -5029. What is the remainder when 1292 is divided by p?
14
Suppose -321*u = 60*u + 69*u - 22050. Suppose -y - 3*f = -26, 2*y - 4 = -5*f + 48. Calculate the remainder when u is divided by y.
23
Let p = -36 + 41. Suppose 1073 = -5*m + 2*q + 2770, 1690 = 5*m + p*q. What is the remainder when 114 is divided by 2*2/10 - m/(-15)?
22
Let n(p) = -2. Let g(v) = v**2 - 11*v + 46. Let x(u) = g(u) - 3*n(u). Calculate the remainder when x(7) is divided by 9.
6
Let p(s) = 186*s - 5193. Calculate the remainder when (-3)/((-6)/568) + -1 is divided by p(28).
13
Let w = 110 - 67. What is the remainder when w is divided by (-1560)/(-78)*-4*3/(-12)?
3
Let c(v) = v**2 + 2*v - 2. Let n = 48 - 54. Let z be 20/(-6)*(3 - (-9)/n). What is the remainder when 48 is divided by c(z)?
9
Let r(k) = k**2 + 8*k - 18. Let i(t) = -2*t**2 - 15*t + 38. Let y(h) = -3*i(h) - 7*r(h). Calculate the remainder when 153 is divided by y(-10).
21
Let c be 6*-2*(-43)/6. Suppose -c = -5*s + 149. Let b = -107 + 124. Calculate the remainder when s is divided by b.
13
Let l(q) = -2*q**3 - q**2 + 7*q + 58. Calculate the remainder when 1678 is divided by l(0).
54
Let r = 47 - 42. Suppose -3*g - 4*k + 35 = 0, k = r*g - 4*k. Suppose 0 = -g*b + 12*b - 133. What is the remainder when b is divided by 11?
8
Suppose -5*n = -13*n + 8568. Suppose -4*s - 860 = -4*o, s - n + 216 = -4*o. What is the remainder when o is divided by 54?
52
Let t = 1631 + 919. Calculate the remainder when t is divided by 44.
42
Let d be 971/6 + (-31)/(-186). Suppose 2*k + 4*t = d - 28, -129 = -2*k + t. What is the remainder when 126 is divided by k?
61
Suppose -16*x + 72664 = -8*x + 116*x. Calculate the remainder when x is divided by 38.
16
Let n(p) = -p**3 - p + 40. What is the remainder when n(0) is divided by (-9 - (-168)/16)/(2/12)?
4
Suppose 0*x + 99 = 5*d + 2*x, 78 = 4*d + x. Suppose 78 = 2*w + 2*n, -2*w = -3*w + 3*n + d. What is the remainder when w is divided by 16?
2
What is the remainder when 162 is divided by ((-26)/(-6))/(14/(-336)*-8)?
6
Suppose -356 = -4*z + 3*m, -4*m = -7*z + 3*z + 360. Let r = -610 + 625. What is the remainder when z is divided by r?
11
Suppose 5*t - 265 = -2*h - 0*h, -5*h - 53 = -t. Let f = 20 + t. Let k = 69 - 31. What is the remainder when f is divided by k?
35
Let v = -3997 - -4179. Calculate the remainder when v is divided by 42.
14
Let p be 36/8 + (-6)/12. Suppose m - p*m = -57. Calculate the remainder when 111 is divided by m.
16
Suppose -4*j + 11 = f, -4*f - 6 = 2*j - 22. Suppose f*o + 213 = 6*o. Let k(q) = -q**3 + 3*q**2 + 31*q - 1. Calculate the remainder when o is divided by k(7).
11
Let b(t) = 2*t**2 - 139*t - 463. What is the remainder when 634 is divided by b(73)?
10
Let p = 35 - 35. Suppose -5*l + 15*l - 120 = p. Let r = 28 + l. What is the remainder when 78 is divided by r?
38
Let b(c) be the third derivative of -7*c**2 + 0 - 1/24*c**4 - 1/3*c**3 + 7/20*c**5 + 0*c. What is the remainder when 79 is divided by b(-1)?
19
Let h(b) = 6*b**3 + 10*b**2 + 31*b - 6. Let v be h(-4). Let c = -301 - v. What is the remainder when 119 is divided by c?
13
Let p = 386 - 135. Suppose 427 + 137 = 43*f - 210. Calculate the remainder when p is divided by f.
17
Let v(f) = f**2 + 58*f - 373. Suppose 182 = 4*l - 2*l. Suppose 5*u - l = -3*j + j, 3*u = 4*j - 169. Calculate the remainder when j is divided by v(-64).
10
Suppose 0 = 13*z + 354 - 1199. Let d(r) = 2*r**3 + 25*r**2 + 7*r + 69. Calculate the remainder when d(-12) is divided by z.
64
Suppose 57*q - 6912 = -15*q. Calculate the remainder when q is divided by 70.
26
Let w(s) = s**3 + 12*s**2 + 6*s - 46. Let n = -3 - -2. Calculate the remainder when (n - 33)*(-3 + 2) is divided by w(-11).
7
Let z(a) be the first derivative of 2*a**2 + a + 1/3*a**3 - 1. What is the remainder when 102 is divided by z(-6)?
11
Let m(z) = -z**3 - 34*z**2 + 2*z + 238. Calculate the remainder when m(-38) is divided by 18.
16
Let s = -112 + 165. Suppose 47*h + 96 = s*h. What is the remainder when 126 is divided by h?
14
Let o(m) = 6*m + 5. Let u = -38268 + 38468. What is the remainder when u is divided by o(6)?
36
Suppose -3*f = 3*z - 96, f - 23 = 30*z - 28*z. Suppose -5*b + 7 = -73. Calculate the remainder when f is divided by b.
13
Let s(o) = 2